uppose 15951 = 19*h - 12017. List the prime factors of h.
2, 23
Let f(b) = b**3 - 15*b**2 - 8*b - 1. Let p be f(20). Suppose 0 = 22*u - 273 - p. What are the prime factors of u?
2, 3
Suppose -19*p = -38, -4*y + 111154 = -2*p + 5*p. What are the prime factors of y?
37, 751
Suppose -2*h = -3*p + 12, 4*p + 5*h = -0*h - 7. Suppose p*u = -u + 6, -3*u = -5*n + 444. What are the prime factors of n?
2, 3, 5
Let a(x) = 121*x - 21. Let m be a(-3). Let t = 1023 + m. What are the prime factors of t?
3, 71
Suppose 43*v - 56*v + 11687 = 0. List the prime factors of v.
29, 31
Let z(q) = q + 6. Let r be z(-1). Suppose -3*j - 14*x = -18*x - 765, 4*j = -r*x + 1020. List the prime factors of j.
3, 5, 17
Let p(h) = h**3 + h**2 + 2*h + 1. Let c be p(5). What are the prime factors of 23/c + 2462/14?
2, 11
Let u = 9813 + 10107. Suppose 24*m - u = -6*m. What are the prime factors of m?
2, 83
Let f be 300/(8/16 - -1). Suppose f = w + 5*y, -1000 = -w - 4*w - 2*y. What are the prime factors of w?
2, 5
Suppose 2*l = 3*v + 1 + 15, -v - 24 = -3*l. Let o be 12/9*(-9)/(3/(-1)). Suppose -w + 3*p + 44 = 5, 0 = o*p + l. What are the prime factors of w?
3, 11
Let b(l) = -20*l**2 - l - 31. Let w(n) = -61*n**2 - 4*n - 94. Let q(y) = 8*b(y) - 3*w(y). List the prime factors of q(-5).
19, 31
Let g(d) = d**2 - 10*d + 19. Let t be 62/8 - (5/(-4))/5. Let l be g(t). Let o(z) = 12*z**2 - 5*z + 12. List the prime factors of o(l).
3, 5, 7
Let o be (-3)/12 + 2/(24/(-129)). Let c be -9 - o - (23 + 0). Let d = 60 + c. What are the prime factors of d?
3, 13
What are the prime factors of 10/(100/(-95))*-21*74?
3, 7, 19, 37
Suppose 5*v - 178 = -153. Suppose -f + 930 = -3*d, -3*f - 2*f - v*d + 4550 = 0. List the prime factors of f.
3, 5, 61
Suppose -5*a = 3*q - 2*q - 116, -a + 20 = -3*q. Suppose -2*f - a + 339 = 0. Suppose -132 = -5*j + f. What are the prime factors of j?
2, 29
Suppose 0 = 39*p - 86362 - 73499. What are the prime factors of p?
4099
Suppose 4*n - 869 = o + 2*o, -4*n + 4*o + 872 = 0. Suppose 5*b = -3*t - 749, 2*b - 3*t - 170 = -478. Let x = b + n. What are the prime factors of x?
2
Let q be 4*823/(-7)*(-35)/20. Let p = q - 307. What are the prime factors of p?
2, 3, 43
Suppose p + 5*g - 3160 = 0, 0*p = -4*p + 3*g + 12732. Suppose -220*y + 217*y = -p. Suppose 39*m = 43*m - y. List the prime factors of m.
5, 53
Let p be 36*(14/(-8) + 1). Let x = 95 + p. Suppose -3*f = 4*l - 6*f - 92, 4*l + 3*f = x. What are the prime factors of l?
2, 5
Let s(h) = 55*h**2 - 4 - 111*h**2 + 8*h + 59*h**2. Let d be s(12). Suppose 9*a - d = 79. List the prime factors of a.
67
Let d be 6 + (4 - 5 - 0). List the prime factors of 10/(-6*d/(-1440)).
2, 3, 5
Let v(d) = -348*d**2 + 174*d**2 + 163*d**2 - 25 - d**3. List the prime factors of v(-12).
7, 17
Suppose -16*a = 120 - 24. Let p(b) = 7*b**2 + 17*b + 4. What are the prime factors of p(a)?
2, 7, 11
Let q(c) = 95*c**2 + 60*c + 890. What are the prime factors of q(-15)?
5, 4273
Let p = -26697 + 46872. List the prime factors of p.
3, 5, 269
Suppose c - 4*x - 11868 = 0, 3*c + x = 19240 + 16325. List the prime factors of c.
2, 3, 13, 19
Let g = 9870 - 4293. Suppose 5*b = -6*b + g. List the prime factors of b.
3, 13
Let r(y) = -1583*y + 777. What are the prime factors of r(-8)?
13441
Suppose 0 = 7*y - 8 - 27. Suppose 3*v = -v + y*p, 4*v - 3*p = 8. Suppose 0 = 3*o - 6, -63 = -3*r - v*o + 1. What are the prime factors of r?
2, 3
Let w be (-72)/(-20) - 3/5. What are the prime factors of (14/w)/((-2)/(-123))?
7, 41
Let n = -953 - -958. Suppose -5*g = 2*s - 1313, g - 197 = -s + 464. Suppose n*u + 3*u - s = 0. List the prime factors of u.
83
Suppose -8 = -4*z, 2*h = 6*h - z + 2930. Let f = -183 - h. List the prime factors of f.
3, 61
Let v(j) = -j**2 + 48*j - 89. Let q be v(46). Suppose -3315 = -q*l - 3*s, -5*l + 2*s + 1108 = -4*l. List the prime factors of l.
2, 7, 79
Let k = 13041 - 5839. Suppose -52718 = -10*n + k. What are the prime factors of (-8)/44 + n/44?
2, 17
Let j = 7526 + -3318. List the prime factors of j.
2, 263
Suppose -2*p - 4*y - 54 = 0, 0*y + y = -p - 25. List the prime factors of (p - -4)*1*-5.
5, 19
Suppose -2*y = -4*j + 31336, 128*j = 123*j - 5*y + 39200. List the prime factors of j.
2, 3, 653
Suppose 16*w - 189 = -669. What are the prime factors of ((-13724)/(-141))/((-1)/(w/4))?
2, 5, 73
Let n = 13317 + 2179. What are the prime factors of n?
2, 13, 149
Let d = 21044 + -4405. What are the prime factors of d?
7, 2377
Let h be (-4 - (-4)/1)/1. Suppose h = 11*d - 25 + 3. Suppose -46 = -2*n - 5*i + 98, 0 = d*i. List the prime factors of n.
2, 3
What are the prime factors of ((-2475)/22 + 5)*(-96)/10?
2, 3, 43
Let b = 51759 + -30355. What are the prime factors of b?
2, 5351
Suppose 0*v - 2*v - 255 = -a, -2*v = -2*a + 256. Let r be ((-2)/(-4))/(3/2)*(656 + 157). Let m = v + r. What are the prime factors of m?
2, 3
List the prime factors of (18/(-21))/(98/(-1372343)).
3, 4001
Let z = 97 - 97. Suppose z = 2*l, 4*o - 3*l - 53 = 51. List the prime factors of (o/4 + -3)/(1/56).
2, 7
Suppose -113565 = 3*t - 6*t + o, 0 = -2*t + o + 75707. List the prime factors of t.
2, 23, 823
Let h = -109 - -73. List the prime factors of ((-552)/h)/(6/9).
23
Let o = 323 + -214. Suppose 6*b - o = 65. Suppose -b = 8*c - 1141. List the prime factors of c.
139
Let q(o) = o**3 - 13*o**2 + 3*o - 3. Let v be q(13). Let p be (v/27)/(4/6). Suppose p*l + 16 = 48. List the prime factors of l.
2
Suppose 0 = 5*f + 3*t - 109, 5*t = -f + 10 + 25. Suppose -f + 24 = -g. List the prime factors of (6/(-6))/(g/16).
2
Let a(v) = -5086*v + 14420. List the prime factors of a(-8).
2, 23, 599
Suppose 3*r = -2*x + 7422, -8*r = -6*r + 12. List the prime factors of x.
2, 3, 5, 31
Let n(c) = 2*c**3 - 11*c**2 + 16*c + 15. Let v(m) = -m**3 + 4*m**2 - 7*m + 34. Let a be v(4). What are the prime factors of n(a)?
3, 7
Let i = -10567 + 30160. List the prime factors of i.
3, 7, 311
Let i be 4/18 + 3047/99. List the prime factors of (i/2)/((-25)/(-150)).
3, 31
Let r be ((-2)/(-4) + (-2)/4)/(-2). Suppose k - 3*z - 249 = r, -960 = 15*k - 19*k + 3*z. What are the prime factors of k?
3, 79
Let v(j) = -4*j**3 - 56*j**2 + 35*j - 50. What are the prime factors of v(-18)?
2, 563
Let p(i) = -140*i**2 - 3*i + 1. Let u be p(-2). Let d = u - -1377. What are the prime factors of d?
2, 103
Suppose -3*s - 195 = -915. Let r = s + -126. Suppose -4*b + 390 = -r. List the prime factors of b.
2, 3, 7
Let m(u) = -2*u - 15. Let x be m(-4). Let a be 5 - 2 - (26 + x). Let z = a - -40. List the prime factors of z.
2, 3
Suppose -18*h - 33 = -105. Suppose -3*t + 14 = f, -h*f - 3*t + 5*t + 98 = 0. Suppose -33*j + f*j + 2100 = 0. List the prime factors of j.
2, 3, 5, 7
Suppose -272*m + 258*m = -40208. List the prime factors of m.
2, 359
Let b = -137 - -142. Suppose 3*v - b*m - 1486 = 0, 13 - 1 = 3*m. What are the prime factors of v?
2, 251
Let o = -15 + 19. Suppose -14 - 1 = -q + 4*y, 15 = -o*q + y. What are the prime factors of (-34)/5*2/1*q?
2, 17
Suppose 3*g + 4*q - 1 = 0, -3*g + 14 = -g - 4*q. Suppose g*h + 50 = 8*h. Suppose h*t - 129 = 7*t. List the prime factors of t.
43
Let r = 109173 - 61859. What are the prime factors of r?
2, 41, 577
Let z(k) = -19 + 48 - 10*k + 29 + 37. What are the prime factors of z(-22)?
3, 5, 7
Suppose 2*n = 4*b + 582, 4*n + b = -0*b + 1182. Let k = n - 98. What are the prime factors of k?
197
Suppose 1278 = 4*b - 2*b. Suppose -4*v = 2*a - 1685 + b, -v - 523 = -a. What are the prime factors of a?
523
Let j = -7 + 12. Suppose 11 = 8*i - j. List the prime factors of ((0 - -1)*i)/(2/101).
101
Let l be 3*((-69)/(-9) - 3). Let m(s) = -18 + 25 + l + 3*s + 12. List the prime factors of m(-10).
3
Let v be 1 + 0 + 26 + -27. Suppose 9*u - 706 - 347 = v. List the prime factors of u.
3, 13
Let i = -108 + 179. Let m = -42 + i. List the prime factors of m - 4/(-12)*3.
2, 3, 5
Let m(s) = 4 + 5*s**2 - 17*s**3 + 7*s - 4*s**3 + 5 + 5*s**3 - 21*s**3. List the prime factors of m(-2).
311
Let v(g) = 23*g + 51. Let u be v(21). Let i = u - 251. List the prime factors of i.
283
Let t(m) = -102*m + 6253. What are the prime factors of t(0)?
13, 37
Let c be (3/(-6))/((-20)/470120). Suppose 0 = -4*p + 27*p - c. List the prime factors of p.
7, 73
Suppose 0 = 8*s + 3*g - 23842, 9*g + 2979 = s + 10*g. What are the prime factors of s?
